 -14 - ((0 - -8) + -126)?
118
What is -39 - (-23 + 14 + -8)?
-22
What is 16 - (-10 - (-11 + 1 + -16 + 26))?
26
Evaluate -8 - (17 + -9 - -2 - -10) - -5.
-23
Calculate 0 + -19 + (56 - (25 - 0)).
12
Calculate 0 - (-1 + 8) - (1512 + -1510) - -50.
41
What is the value of 26 - (3 - (-21 - (-11 + 1)))?
12
What is 32 + 22 + (30 - 46) + -28?
10
(-21 - -24) + -46 + (-3 + 6 - 13)
-53
What is the value of -78 - (-18 + -10) - -40?
-10
Evaluate -10653 + 10678 - (80 + -2).
-53
What is the value of 13 - (-130 + 139 - (1 + -67)) - (2 + 1)?
-65
-2 - (16 - (11 - 2)) - -13 - 24
-20
What is the value of 53 - ((57 - 19) + 68)?
-53
(-4 - (43 - 41)) + -34
-40
What is -11 + -12 + 2 - -13 - 0?
-8
Calculate -6 + 298 + -310 + 20 + -2.
0
Calculate (9 - 9 - -34) + -18.
16
What is the value of 2 + 11 + (74 - (38 - -16))?
33
(-14 - (-24 - (1 - 10))) + 2 + -43 + -2
-42
What is -16 + 0 + (123 - 98) + -35?
-26
4 + (-6 - 10) + (168 - 170) + (0 - 36)
-50
-3 - ((-2 - -2) + -5 + (-40 - -52))
-10
What is (-12 - -9) + -9 - -25 - (-3 + (56 - -5))?
-45
Evaluate -11 - 3 - ((-66 - -1) + -220 + 260).
11
Evaluate 5 - 19 - (-80 + 133 - 0).
-67
What is the value of (19 - (76 + -43)) + 82?
68
Calculate (-102 - 24 - -92) + 3.
-31
(8 - -87) + -63 - 17
15
(-11 - -9 - -8) + (23 - (-2 + -10 + 6))
35
Calculate (10 - 2) + (-65 - (13 - (20 - -14))).
-36
Evaluate 19 + -10 + -25 + 0 + 2 + 3 - 46.
-57
Calculate (219 - 147) + -91 + 2.
-17
Evaluate -55 + 65 - 108 - -54.
-44
Evaluate 3 + 8 + 2 + -107 + 27 + 5.
-62
Evaluate 4 - ((95 + -149 - (-4 - 21)) + -12 + -1).
46
What is the value of -8 - ((-192 + 173 - (0 - 10)) + -76 + -2)?
79
27 - (-8 + 15) - (-74 + 54)
40
What is the value of -14 + -4 + -5 + 7 + 10 - 13 - 0?
-19
What is 64 + -62 - (-3 - -20)?
-15
(-3 - 6 - (0 - -1)) + -23 + 76
43
Evaluate 35 + 4 - (-311 + 351).
-1
Calculate 13 + (39 - (17 - -29)).
6
Evaluate (-19 + 32 - 62) + 90.
41
Calculate 14 - 19 - (-2 - (5 + -3)).
-1
What is the value of 27 + (1 - 33) + 20 - -19?
34
What is the value of 46 + (14 - 67) + -38?
-45
Calculate -34 - (-12 + -26 + -10).
14
What is 35 - 2 - 2 - (-32 + 23 + 21)?
19
What is 0 - 44 - (-1852 - -1805)?
3
Evaluate (608879 - 608973) + 13 + (-1 - (0 + 0 + 0)).
-82
Calculate 7 + 1 - (2 + 2 + (-116 - -90)) - -9.
39
Calculate (55 - 80 - -44) + 1 + -117.
-97
Evaluate 96 - (-7 - (1 - 3) - (-3161 - -3161)).
101
Calculate 120 - 199 - 37 - -251.
135
What is 1 - 26 - (7 + (6 - -1))?
-39
Evaluate (-86 - (45 + -167)) + 54.
90
What is 15 + (-4 - (-5 - 8 - -23)) + -21?
-20
Calculate -131 - (-43 + (37 - 57)).
-68
Calculate 40 + -69 + 20 - 3.
-12
What is 10 + (-161 - -57) + (13 - (0 - 1))?
-80
(-15 - (36 - 18)) + 15 + -6 + -3
-27
Calculate (5 + 5 - 15) + (-1 - (-4 + 1) - -66).
63
What is the value of 2 + ((-9 - (8 + -21)) + 11 - 11) - 11?
-5
-22 - (-30 + -12 - -28)
-8
Calculate 21 + (-6 - (5 + 3)) - 20.
-13
What is -34 - (28 - (10 - -3)) - -31?
-18
Calculate 9 + 76 + -106 + -36.
-57
Evaluate -11 - 0 - ((15 + 2 + 6 - 12) + -2).
-20
Calculate 2402 - 2301 - (74 - -3).
24
1899 + -1989 - (1 + -189)
98
What is 67 - (26 + 30) - -66?
77
Calculate 35 - (12 + -2) - 25.
0
214 - (180 + (-54 - 18))
106
Evaluate 1 + 33 + -17 + (-13 - -38 - (19 + 3)).
20
What is (31 - 5) + -3 + 2 + -8?
17
Evaluate 37 + 1 - ((-16 - -7) + 10 + (-8 - -11)).
34
Calculate 53 + 25 + (-3 - (-7 - (-1 + 1 + -8))).
74
What is the value of -13 + -70 - (54 + -84)?
-53
Calculate -7 - ((56 + (17 - 26) - 3) + -2).
-49
What is 1 + 4 - (-12 + (11 - -9)) - 110?
-113
Calculate -36 - -95 - 28 - (0 + 5 + 1).
25
What is the value of (2 + -5 + -71 + 77 - 12) + -4 + 19?
6
Evaluate -29 + -56 - -116 - 47.
-16
13 + (0 - ((17 - 9) + -11 + -7))
23
2 + -1 - (-22 + 18) - (1558 - 1535)
-18
What is 6 + -4 + (69 - 12 - 35)?
24
Evaluate (17 - (104 + -52)) + -10.
-45
What is -3 + 2 - (-5 + (21 + -12 - 11)) - -9?
15
What is the value of 137 - -3 - ((206 - 40) + -148)?
122
What is -4 + (4 - -19) + (-109 - -238 - 254)?
-106
What is the value of (12 + -24 - ((-15 - -3) + -2)) + -28?
-26
-2 - (0 - (-7 - 0)) - (-5 + 7 + 1)
-12
Evaluate (-7 - 0) + 6 + 43.
42
What is -22 - (23 - (-33 - -42))?
-36
What is the value of 1 + (-98 + 42 - -7)?
-48
Evaluate 4 + 7 + 5 - (-534 + 613).
-63
Evaluate (-23 - (17 + -1 + -17)) + (131 - -2).
111
What is -38 + (-16 + -142 - -74)?
-122
0 - 55 - (-24 - (-7 - 4) - -5)
-47
Evaluate -100 + (0 - 1 - 0) - (6416 - 6435).
-82
What is (-28 - 0) + 19 + 15 - (0 + 2 - 0)?
4
-209 + 236 - (-4 + -17 + -3 + 5)
46
Evaluate 66 - (157 + 57) - (-23 - 5).
-120
Evaluate -6 - -36 - (20 - (10 + -12)).
8
What is the value of -80 + 39 + (-20 - -113)?
52
Calculate 7 - (0 - -45) - (-249 + 264).
-53
What is -73 - (-47 - (-26 + 29))?
-23
Calculate 10 - (-1 - 55 - ((-37 - -52) + -30)).
51
Calculate (7269 - 7296) + 1 + 10.
-16
What is the value of -91 + (9 - -15) + -9 + (-52 - -18)?
-110
4 + (79 - (-71 + 93))
61
What is the value of (20 - 41 - (-6 + 1)) + -9?
-25
-20 + 7 + (13 - -2) + 98 + (17 - 7)
110
Evaluate (0 + 2 - -45) + -14 + (29 - (8 + 1)).
53
Evaluate ((-3 - -31) + -17 - 8) + -8 + 0.
-5
What is 12 + -11 - (-8 - (15 + 1 + -4))?
21
Calculate (-52 - -30) + -33 + 18 - (-2 - 2).
-33
9 + (-18 - -17 - (8 + -93)) + -2 + -7
84
Evaluate -2 + (-4 - 16) + -222 + 253.
9
-40 - (19 - (11 - 10 - -7))
-51
-5 - 2 - (-29 + 14) - 26
-18
Evaluate -44 - (-54 + -44 + 56 - -69).
-71
What is the value of (21 - 34) + 43 - 81?
-51
Evaluate (-86 - -222) + -83 + 44.
97
18 + -1 + -57 + (-903 - -900)
-43
What is the value of 21 - ((13 - 19) + 6) - 8?
13
Evaluate 126 + -114 - (-12 + 31 - 33).
26
Calculate -2 - (16 - (23 + -17)) - (0 - 8).
-4
What is the value of -28 + (1 - (-3 + -1) - 2) + (-2853 - -2859)?
-19
(26 - 54 - -11) + 44 - 64
-37
-7 + (77 - 31 - 18) - (-7 - 0)
28
Evaluate -396 + 363 - ((17 - 2) + -9).
-39
Calculate -11 - (1 - 7 - (26 + 11 - 41)).
-9
What is (-39 - (-48 + 25)) + (25 - 3)?
6
Evaluate (9 - (2 + 1) - 19) + -21.
-34
Evaluate -12 + -1 - (75 - (107 - 47)).
-28
What is 31 + (-94 + 24 - 8)?
-47
What is -16 + -5 - (-16 + (-11 - -28))?
-22
What is the value of (1123 - 1126) + -8 + 71 + 6?
66
Calculate 9 + -8 + 61 + -43 - 115.
-96
What is 31 - (50 - (47 + -51))?
-23
Calculate (-9 - -41) + (-46 - -29) - (-5 + 31).
-11
What is the value of 784 + -787 + (-4 - (5 - 4 - 4))?
-4
What is the value of -27 + -20 + -11 - (-6 + 8 - (9 + -1))?
-52
What is 20 - (105 + 7) - -84?
-8
Calculate 10282 + -10292 - (21 + (0 - -2)).
-33
Calculate -31 + 73 - -2 - 7.
37
-75 - (-104 + (90 - 19))
-42
Evaluate -466 + 541 - (14 + 78).
-17
Calculate 12 + -3 - (-19 - -1 - -4 - (-75 - -67)).
15
What is the value of -1 - -4 - (38 - (-24 + (24 - -27)) - 6)?
-2
Evaluate 66 + (-5 - 3 - (-6 - -15 - (9 - -7))).
65
2 + -7 + -23 + 9 + 3 + -14
-30
What is -1 + -3 - (-18 + (-38 - -5 - -6))?
41
Evaluate -12 - (35 + -32 + 10) - 15.
-40
Evaluate 0 - (-1 - 13) - (29 + -58 + 17).
26
(44 - 22) + 19 + 2 + (-4 - 3) + 3
39
What is (20 - 12) + 36 + -124 + -7?
-87
0 + 1 - -1 - (18832 - 18850)
20
Calculate (0 - -6) + (-4 - 0) - (-10 - (-3 - -101)).
110
What is 68 + -117 + -5 + 46?
-8
What is 22 + -3 - ((-30 - 58) + 38)?
69
What is the value of -31 - (29 - -22 - 73)?
-9
-5167 - -5092 - (38 - 2)
-111
Calculate -6 + -7 - -1 - (93 - 77).
-28
Evaluate (-795 + 774 - (-2 - 112)) + -7 + -1.
85
Evaluate (-55 - -26 - 5) + -1 + 35.
0
Evaluate -58 - -8 - -52 - 14.
-12
-68 - (-129 - -135) - -79
5
Evaluate 30 - (85 + 0) - 7.
-62
(10 - 0 - (30 - 23)) + 0 + (-9 - 1)
-7
What is -74 + 3 + -6 + -1 + (6312 - 6297)?
-63
30 - ((11 - (12 + -14)) + 11)
6
Calculate -5 + 2 + (-2 - 6) - (64 + -55 - 32).
12
Calculate (-4 + (-12 - -18) - 8) + 46.
40
What is the value of -8 - 5 - (-11 + -1) - -15?
14
(-17 - (-70 - -23)) + 9
39
What is -59 + (-17 - -39) - 17?
-54
Evaluate -35 + -87 + 118 - 51.
-55
Calculate -45 + -5 + (1 - -1) + (3 - 11) + -10.
-66
What is -7 + (11 - ((22 - 8) + 41) - (1 + -1))?
-51
Evaluate 22 + (-57 - (8 + (-10 - (22 + -34)))).
-45
Calculate -18 + (0 - -12) + (-34 + -5 - -7).
-38
Evaluate (47 - 4 - 17) + (7 - (-4 - -12) - 7).
18
Evaluate (-547 - -511) + (117 - -17).
98
What is the value of -12 + (-43 - -39) + 86 + (11 - -1) + 9?
91
(55 - -31 - -32) + -31 + 0 + -15
72
What is the value of (21 - 9 - 45) + -21 + 14?
-40
Calculate 1 + -40 + (29 - -13) + -124.
-121
5 + 16 + -5 - (-103 - (36 - 100))
55
18 - (122 - (-4 + 15 - 14 - -8))
-